 the remainder when 5041509 is divided by 1260351.
105
Calculate the remainder when 6842898 is divided by 49.
48
What is the remainder when 1533678 is divided by 1424?
30
Calculate the remainder when 1761410 is divided by 528.
2
What is the remainder when 215448 is divided by 5280?
4248
What is the remainder when 126453 is divided by 9361?
4760
Calculate the remainder when 84613 is divided by 294.
235
What is the remainder when 27600636 is divided by 9200143?
207
Calculate the remainder when 4094646 is divided by 42.
24
Calculate the remainder when 475198 is divided by 158398.
4
Calculate the remainder when 866114 is divided by 1030.
914
Calculate the remainder when 441933 is divided by 147246.
195
Calculate the remainder when 2889964 is divided by 3823.
3599
Calculate the remainder when 66061709 is divided by 165.
164
Calculate the remainder when 72795 is divided by 818.
811
Calculate the remainder when 97404 is divided by 1999.
1452
Calculate the remainder when 821764 is divided by 1226.
344
What is the remainder when 969896 is divided by 193948?
156
What is the remainder when 22850 is divided by 2852?
34
What is the remainder when 9509064 is divided by 95?
39
What is the remainder when 95983 is divided by 3876?
2959
What is the remainder when 7330851 is divided by 35?
31
Calculate the remainder when 67091 is divided by 1718.
89
What is the remainder when 93842727 is divided by 46921360?
7
Calculate the remainder when 168948224 is divided by 27.
17
Calculate the remainder when 40409678 is divided by 2886404.
22
Calculate the remainder when 1485 is divided by 334.
149
Calculate the remainder when 2018087 is divided by 10.
7
Calculate the remainder when 14627403 is divided by 4554.
4509
Calculate the remainder when 32099 is divided by 678.
233
Calculate the remainder when 4635929 is divided by 65.
64
What is the remainder when 943265 is divided by 188643?
50
What is the remainder when 75128 is divided by 490?
158
Calculate the remainder when 239393 is divided by 239363.
30
What is the remainder when 4780004 is divided by 3338?
3326
What is the remainder when 9185129 is divided by 1312160?
9
What is the remainder when 14939937 is divided by 2910?
2907
What is the remainder when 3755737 is divided by 699?
10
Calculate the remainder when 9189 is divided by 461.
430
What is the remainder when 173476 is divided by 1173?
1045
What is the remainder when 20121957 is divided by 7854?
9
Calculate the remainder when 1448401 is divided by 756.
661
What is the remainder when 17138 is divided by 5675?
113
Calculate the remainder when 16582 is divided by 4135.
42
Calculate the remainder when 1552225 is divided by 1241.
975
What is the remainder when 92755662 is divided by 2262333?
9
Calculate the remainder when 1273612 is divided by 112.
60
Calculate the remainder when 1938757 is divided by 1000.
757
What is the remainder when 202315 is divided by 48?
43
What is the remainder when 1418150 is divided by 236351?
44
What is the remainder when 19007585 is divided by 412?
377
What is the remainder when 2300795 is divided by 4416?
59
Calculate the remainder when 3785951 is divided by 12662.
13
What is the remainder when 642346 is divided by 28?
26
Calculate the remainder when 62848 is divided by 4834.
6
Calculate the remainder when 205007 is divided by 2971.
8
What is the remainder when 635319 is divided by 317654?
11
Calculate the remainder when 29685 is divided by 2432.
501
What is the remainder when 4401589 is divided by 300?
289
What is the remainder when 133357047 is divided by 1672?
1671
What is the remainder when 635343 is divided by 280?
23
What is the remainder when 1697088 is divided by 16638?
12
What is the remainder when 696770 is divided by 40?
10
What is the remainder when 7851 is divided by 3874?
103
What is the remainder when 743199 is divided by 755?
279
Calculate the remainder when 5969 is divided by 942.
317
Calculate the remainder when 182420982 is divided by 113.
110
What is the remainder when 5136270 is divided by 4109?
20
Calculate the remainder when 166121 is divided by 2102.
63
Calculate the remainder when 2183777 is divided by 13.
11
Calculate the remainder when 3019409 is divided by 27.
26
What is the remainder when 20301 is divided by 1816?
325
Calculate the remainder when 190323 is divided by 1848.
1827
What is the remainder when 585997 is divided by 136?
109
What is the remainder when 73567 is divided by 9192?
31
Calculate the remainder when 3313084 is divided by 662615.
9
Calculate the remainder when 2398646 is divided by 77.
19
Calculate the remainder when 5407536 is divided by 57.
3
What is the remainder when 105541460 is divided by 35180481?
17
Calculate the remainder when 57879 is divided by 5800.
5679
Calculate the remainder when 443810553 is divided by 45.
33
What is the remainder when 55538 is divided by 11225?
10638
What is the remainder when 9672 is divided by 846?
366
What is the remainder when 8866 is divided by 2706?
748
Calculate the remainder when 72519438 is divided by 32.
14
Calculate the remainder when 3785049 is divided by 46.
31
Calculate the remainder when 1927668 is divided by 3181.
3163
What is the remainder when 963999451 is divided by 172?
167
Calculate the remainder when 26725516 is divided by 968.
4
Calculate the remainder when 61035626 is divided by 2141.
2139
Calculate the remainder when 1141094 is divided by 63.
38
What is the remainder when 166812 is divided by 2414?
246
What is the remainder when 106323 is divided by 53159?
5
What is the remainder when 4364924 is divided by 2034?
1994
Calculate the remainder when 11127116 is divided by 134.
24
Calculate the remainder when 171319950 is divided by 111.
108
Calculate the remainder when 116662 is divided by 1888.
1494
Calculate the remainder when 2942194 is divided by 34211.
48
What is the remainder when 389673 is divided by 1838?
17
Calculate the remainder when 2342285 is divided by 5240.
5
What is the remainder when 227712 is divided by 113818?
76
Calculate the remainder when 5052971 is divided by 561441.
2
What is the remainder when 1154202 is divided by 2403?
762
What is the remainder when 171488979 is divided by 1234?
1233
What is the remainder when 4416525 is divided by 401502?
3
Calculate the remainder when 56738528 is divided by 9928.
8
What is the remainder when 2301724 is divided by 34?
26
What is the remainder when 6402615 is divided by 181?
102
What is the remainder when 1139097 is divided by 8695?
52
Calculate the remainder when 500150 is divided by 2990.
820
Calculate the remainder when 155352 is divided by 337.
332
What is the remainder when 6201034 is divided by 885862?
0
What is the remainder when 159786 is divided by 239?
134
Calculate the remainder when 141815 is divided by 70667.
481
What is the remainder when 3609470 is divided by 85?
30
What is the remainder when 794785 is divided by 428?
417
Calculate the remainder when 306348 is divided by 192.
108
What is the remainder when 17950163 is divided by 42?
35
What is the remainder when 21058191 is divided by 7019396?
3
Calculate the remainder when 518401 is divided by 675.
1
What is the remainder when 810137 is divided by 2853?
2738
What is the remainder when 3350597 is divided by 159?
149
Calculate the remainder when 7268266 is divided by 491.
484
Calculate the remainder when 52411137 is divided by 206.
205
Calculate the remainder when 22748950 is divided by 47.
10
What is the remainder when 199839 is divided by 19909?
749
Calculate the remainder when 7732 is divided by 7391.
341
Calculate the remainder when 657049 is divided by 36500.
49
What is the remainder when 225981 is divided by 225064?
917
What is the remainder when 1712588 is divided by 1712545?
43
Calculate the remainder when 1448721 is divided by 55720.
1
What is the remainder when 92636140 is divided by 89938?
0
Calculate the remainder when 184178 is divided by 819.
722
What is the remainder when 23035 is divided by 11517?
1
Calculate the remainder when 354150 is divided by 17701.
130
What is the remainder when 272620910 is divided by 107?
104
Calculate the remainder when 1776435 is divided by 272.
3
Calculate the remainder when 121434 is divided by 7055.
1499
Calculate the remainder when 8605231 is divided by 553.
551
C